
3, 7598741
List the prime factors of 5297310575.
5, 59, 3591397
List the prime factors of 110255617.
110255617
List the prime factors of 212350777.
149, 337, 4229
What are the prime factors of 1460003371?
38183, 38237
List the prime factors of 165391778.
2, 47, 67, 26261
What are the prime factors of 223728869?
7, 13, 79, 31121
What are the prime factors of 1601563415?
5, 17491, 18313
What are the prime factors of 260591852?
2, 65147963
What are the prime factors of 44040929?
23, 41, 46703
What are the prime factors of 4493394597?
3, 67, 439, 50923
List the prime factors of 276507928.
2, 67, 515873
List the prime factors of 5257754034.
2, 3, 13, 67407103
List the prime factors of 119576409.
3, 61, 73, 8951
List the prime factors of 402489147.
3, 1187, 113027
What are the prime factors of 274385525?
5, 17, 37, 17449
What are the prime factors of 24274600?
2, 5, 7, 2477
What are the prime factors of 69316855?
5, 41, 179, 1889
List the prime factors of 408398675.
5, 16335947
What are the prime factors of 1557315576?
2, 3, 263, 82241
What are the prime factors of 233733226?
2, 139, 840767
What are the prime factors of 509403793?
17, 23, 557, 2339
What are the prime factors of 180405?
3, 5, 19, 211
List the prime factors of 133045378.
2, 149, 446461
What are the prime factors of 221118463?
347, 637229
What are the prime factors of 604099842?
2, 3, 163, 617689
List the prime factors of 541073125.
5, 865717
What are the prime factors of 660334922?
2, 13, 23, 149, 7411
List the prime factors of 1162503820.
2, 5, 58125191
List the prime factors of 22050452.
2, 5512613
List the prime factors of 436769143.
436769143
What are the prime factors of 608511961?
47, 71, 182353
What are the prime factors of 48976891?
383, 127877
What are the prime factors of 147627346?
2, 311, 237343
What are the prime factors of 1420607877?
3, 13, 3259, 11177
What are the prime factors of 847013940?
2, 3, 5, 709, 6637
What are the prime factors of 2116600927?
7, 1877, 161093
List the prime factors of 975975636.
2, 3, 81331303
List the prime factors of 172200007.
7, 1609, 15289
List the prime factors of 408918542.
2, 13037, 15683
What are the prime factors of 944735536?
2, 1973, 29927
What are the prime factors of 43513095?
3, 5, 41, 70753
What are the prime factors of 101401545?
3, 5, 7, 29, 33301
List the prime factors of 739666391.
739666391
List the prime factors of 110966129.
2557, 43397
What are the prime factors of 6221344087?
7, 17359, 51199
List the prime factors of 1935691803.
3, 71692289
List the prime factors of 1506845241.
3, 11, 31, 61, 2683
What are the prime factors of 3074407542?
2, 3, 167, 340919
What are the prime factors of 56557058?
2, 28278529
List the prime factors of 3015915220.
2, 5, 19, 67, 118457
List the prime factors of 737877618.
2, 3, 1319, 31079
What are the prime factors of 92655760?
2, 5, 1158197
What are the prime factors of 2968198517?
29, 102351673
What are the prime factors of 283373934?
2, 3, 53, 461, 1933
List the prime factors of 129869124.
2, 3, 7, 11, 140551
What are the prime factors of 2100301330?
2, 5, 1429, 146977
What are the prime factors of 202068175?
5, 79, 101, 1013
What are the prime factors of 11668454?
2, 7, 833461
List the prime factors of 2703883735.
5, 7, 5717, 13513
What are the prime factors of 515278093?
11, 59, 793957
List the prime factors of 15573137.
15573137
List the prime factors of 19234181.
19234181
List the prime factors of 1539295646.
2, 7, 199, 552511
List the prime factors of 226916148.
2, 3, 389, 48611
List the prime factors of 28563996.
2, 3, 2380333
What are the prime factors of 1848885613?
23, 80386331
List the prime factors of 178650678.
2, 3, 29775113
What are the prime factors of 185694329?
185694329
What are the prime factors of 1291128965?
5, 7, 43, 71, 281
What are the prime factors of 747098?
2, 11, 29, 1171
List the prime factors of 545862153.
3, 19, 157, 181, 337
List the prime factors of 36983005.
5, 7396601
What are the prime factors of 1155207889?
11, 659, 159361
List the prime factors of 196114141.
71, 2762171
What are the prime factors of 2225742591?
3, 23, 32257139
What are the prime factors of 3605373987?
3, 1201791329
List the prime factors of 1419679563.
3, 19, 337, 73907
List the prime factors of 213974121.
3, 17, 31, 41, 3301
List the prime factors of 5114775.
3, 5, 47, 1451
What are the prime factors of 340679475?
3, 5, 1514131
List the prime factors of 326635426.
2, 13, 966377
What are the prime factors of 6344775?
3, 5, 163, 173
What are the prime factors of 5377305822?
2, 3, 7, 128031091
List the prime factors of 1210440454.
2, 29, 43, 11287
List the prime factors of 183383878.
2, 29, 103, 30697
List the prime factors of 3006477948.
2, 3, 17, 14737637
List the prime factors of 1110004904.
2, 191, 577, 1259
What are the prime factors of 8106682791?
3, 83, 151, 251, 859
List the prime factors of 74548291.
41, 107, 16993
What are the prime factors of 7516065883?
42083, 178601
What are the prime factors of 61515179?
11, 19, 23, 67, 191
What are the prime factors of 1248033518?
2, 624016759
What are the prime factors of 170829471?
3, 139, 151, 2713
What are the prime factors of 1001903658?
2, 3, 7, 29, 822581
List the prime factors of 48394679.
2963, 16333
List the prime factors of 348310979.
348310979
List the prime factors of 6417108883.
89, 72102347
List the prime factors of 297689765.
5, 251, 237203
List the prime factors of 322059499.
223, 1444213
What are the prime factors of 5230266377?
7, 29, 1663, 15493
What are the prime factors of 94726422?
2, 3, 7, 103, 811
What are the prime factors of 19165401?
3, 43, 49523
What are the prime factors of 359716260?
2, 3, 5, 17, 73, 4831
List the prime factors of 6725548.
2, 173, 9719
What are the prime factors of 90591461?
967, 93683
What are the prime factors of 220841802?
2, 3, 167, 907
What are the prime factors of 12047246?
2, 149, 40427
What are the prime factors of 2560117485?
3, 5, 31, 89, 61861
List the prime factors of 445214930.
2, 5, 229, 433, 449
What are the prime factors of 716597462?
2, 7, 71, 181, 569
What are the prime factors of 113930154?
2, 3, 13, 29, 103, 163
List the prime factors of 134323151.
23, 253919
List the prime factors of 125781280.
2, 5, 683, 1151
List the prime factors of 1121436157.
83, 2729, 4951
What are the prime factors of 176185001?
176185001
List the prime factors of 29610167.
83, 356749
List the prime factors of 1575147317.
1575147317
List the prime factors of 29225862.
2, 3, 139, 11681
What are the prime factors of 168989932?
2, 2801, 15083
What are the prime factors of 588480306?
2, 3, 53, 641, 2887
What are the prime factors of 4857826415?
5, 13, 17, 338171
What are the prime factors of 1970056315?
5, 59, 6678157
List the prime factors of 35310815.
5, 823, 8581
What are the prime factors of 131246153?
131246153
List the prime factors of 262270015.
5, 7, 19, 457, 863
List the prime factors of 4756982860.
2, 5, 7, 31, 1096079
List the prime factors of 35597003.
13, 2738231
What are the prime factors of 151460261?
3203, 47287
What are the prime factors of 560666811?
3, 186888937
List the prime factors of 4760950772.
2, 389, 659, 4643
List the prime factors of 2616732098.
2, 19, 103, 271, 2467
List the prime factors of 239880071.
239880071
What are the prime factors of 1897578424?
2, 7, 33885329
List the prime factors of 309567013.
7, 44223859
List the prime factors of 70076171.
11, 67, 95083
What are the prime factors of 47388268?
2, 37, 199, 1609
What are the prime factors of 14392204?
2, 23, 156437
What are the prime factors of 24649229?
11, 2240839
List the prime factors of 33074493.
3, 163, 239, 283
List the prime factors of 50787772.
2, 7, 17, 23, 4639
What are the prime factors of 481141986?
2, 3, 13, 474499
List the prime factors of 38535819.
3, 7, 19, 96581
List the prime factors of 1224000923.
439, 457, 6101
What are the prime factors of 857351638?
2, 11, 13, 53, 163, 347
What are the prime factors of 893973144?
2, 3, 37248881
List the prime factors of 376248519.
3, 31, 1348561
List the prime factors of 2617341983.
53, 49383811
List the prime factors of 4329118993.
601, 7203193
What are the prime factors of 71522025?
3, 5, 227, 4201
What are the prime factors of 2916194821?
29161948